{"id":5198,"date":"2022-10-26T16:21:37","date_gmt":"2022-10-26T14:21:37","guid":{"rendered":"https:\/\/schwimm-baby-schwimm.de\/?page_id=5198"},"modified":"2022-10-26T16:22:23","modified_gmt":"2022-10-26T14:22:23","slug":"ueber-mich-gesundheitsberatung","status":"publish","type":"page","link":"https:\/\/schwimm-baby-schwimm.de\/index.php\/ueber-mich-gesundheitsberatung\/","title":{"rendered":"\u00fcber Mich Gesundheitsberatung"},"content":{"rendered":"<p><strong>Ganzheitliche Gesundheitsberatung<\/strong><\/p>\n<p>Die Ausbildung zur \u00e4rztlich gepr\u00fcften Gesundheitsberaterin GGB habe ich im Januar 2013 begonnen und im M\u00e4rz 2015 erfolgreich abgeschlossen.<\/p>\n<p>\u201eDie Gesellschaft f\u00fcr Gesundheitsberatung e.V. verfolgt das Ziel, \u00fcber die Ursachen der heute weit verbreiteten Zivilisationskrankheiten aufzukl\u00e4ren.<\/p>\n<p>Zu diesem Zweck werden Gesundheitsberater ausgebildet, die sich in Vortr\u00e4gen, Kursen und Beratungen an die Allgemeinheit wenden.<br \/>\nDabei wird eine enge Zusammenarbeit mit \u00c4rzten und Angeh\u00f6rigen anderer Heilberufe sowie Pflege- und Erziehungsberufe, Universit\u00e4ten, Volksbildungsst\u00e4tten, Schulen, Kinderg\u00e4rten und Krankenh\u00e4usern angestrebt.\u201c<\/p>\n<p>Weitere Info&#8217;s unter Gesellschaft f\u00fcr Gesundheitsberatung<\/p>\n<p><strong>Fortbildungen:<\/strong><\/p>\n<p>Ganzheitliche Gesundheitsberatung in der Praxis im Januar 2013<br \/>\nFastenbegleiter GGB im Februar 2014<br \/>\nEinzelberatungsseminar GGB im November 2015<br \/>\nHaut- und Haarberatungsseminar Januar 2018<\/p>\n","protected":false},"excerpt":{"rendered":"<p>Ganzheitliche Gesundheitsberatung Die Ausbildung zur \u00e4rztlich gepr\u00fcften Gesundheitsberaterin GGB habe ich im Januar 2013 begonnen und im M\u00e4rz 2015 erfolgreich abgeschlossen. \u201eDie Gesellschaft f\u00fcr Gesundheitsberatung e.V. verfolgt das Ziel, \u00fcber die Ursachen der heute weit verbreiteten Zivilisationskrankheiten aufzukl\u00e4ren. Zu diesem Zweck werden Gesundheitsberater ausgebildet, die sich in Vortr\u00e4gen, Kursen und Beratungen an die Allgemeinheit wenden. [&hellip;]<\/p>\n","protected":false},"author":1,"featured_media":0,"parent":0,"menu_order":0,"comment_status":"closed","ping_status":"closed","template":"","meta":{"footnotes":""},"class_list":["post-5198","page","type-page","status-publish","hentry"],"_links":{"self":[{"href":"https:\/\/schwimm-baby-schwimm.de\/index.php\/wp-json\/wp\/v2\/pages\/5198","targetHints":{"allow":["GET"]}}],"collection":[{"href":"https:\/\/schwimm-baby-schwimm.de\/index.php\/wp-json\/wp\/v2\/pages"}],"about":[{"href":"https:\/\/schwimm-baby-schwimm.de\/index.php\/wp-json\/wp\/v2\/types\/page"}],"author":[{"embeddable":true,"href":"https:\/\/schwimm-baby-schwimm.de\/index.php\/wp-json\/wp\/v2\/users\/1"}],"replies":[{"embeddable":true,"href":"https:\/\/schwimm-baby-schwimm.de\/index.php\/wp-json\/wp\/v2\/comments?post=5198"}],"version-history":[{"count":2,"href":"https:\/\/schwimm-baby-schwimm.de\/index.php\/wp-json\/wp\/v2\/pages\/5198\/revisions"}],"predecessor-version":[{"id":5200,"href":"https:\/\/schwimm-baby-schwimm.de\/index.php\/wp-json\/wp\/v2\/pages\/5198\/revisions\/5200"}],"wp:attachment":[{"href":"https:\/\/schwimm-baby-schwimm.de\/index.php\/wp-json\/wp\/v2\/media?parent=5198"}],"curies":[{"name":"wp","href":"https:\/\/api.w.org\/{rel}","templated":true}]}}